- 12*z = -a. Calculate t(z).
9
Let c be (4/430*172)/(-1 - (-7)/5). Let x(k) be the second derivative of -10*k + 0 + 5/3*k**3 + 7/12*k**c + 1/20*k**5 + 4*k**2. Calculate x(-6).
-16
Let t(u) = -4*u**3 - 18*u**2 - 39*u - 2. Let a(m) = 11*m**3 + 53*m**2 + 116*m + 7. Let q(w) = 6*a(w) + 17*t(w). What is q(8)?
16
Let v(d) be the second derivative of -d**3/3 - 15*d**2/2 - d. Suppose 2*k + 4*o - 2 = 0, -5*k + 5*o - 320 = -265. What is v(k)?
-1
Let d be (1/(-1))/((20/4)/(-10)). Suppose -q + 4*y - 1 = 2*y, d*q - 33 = -3*y. Let z(f) = -2 + 7*f - 25*f**3 + q*f**2 + 50*f**3 - 24*f**3. Give z(-8).
6
Let m(r) = -r**3 - 4*r**2 - 4. Let u be (-16)/(-104) - (-126)/26*1. Suppose -u*z = -0*z - 30. Suppose 10*d = z*d - 16. Calculate m(d).
-4
Suppose 6*d - 5*d = -10*d. Suppose -3*u + 3 = d, 0*u = 5*n + 5*u - 15. Let t(g) = -66*g**2 + 33*g**n + 4 + 34*g**2 - 2*g - 3*g. Give t(4).
0
Let g(f) = f**3 - 3*f**2 - 260*f + 1017. Let h be g(4). Let w(o) = o**3 + 8*o**2 + 12*o + 20. Calculate w(h).
-15
Suppose 740 = 6*t + 758. Let g be ((-18)/(-10))/(t/15). Let m(l) = -l - 7. Give m(g).
2
Suppose 182 + 133 = 15*b. Suppose 55*x = b*x. Let s(t) = 5*t**2 - 4*t**2 - t + 1 + 4. Determine s(x).
5
Let t(a) = -a**2 + 7*a. Let g(n) = -2*n**2 + 13*n - 1. Let m(r) = -3*g(r) + 5*t(r). Let h(x) = 4*x**2 + 20*x + 29. Let v be h(-3). Give m(v).
8
Let i be (-107)/3 + 1/(-3). Let m be (26 + -59)/(0 - 1). Let l = i + m. Let w(k) = -k**2 - k + 1. What is w(l)?
-5
Let l = -4568 + 4583. Let d(j) = j**2 - 14*j - 10. Give d(l).
5
Let w(c) = c**2 - 5*c - 3. Let i(n) = -8*n**3 + 2*n**2 - 17*n - 16. Let m(u) = i(u) - 4*w(u). Determine m(2).
-70
Let a(i) = i**3 + 3*i**2 - 3*i. Let z = -99 - -67. Let j = 28 + z. What is a(j)?
-4
Let q(m) = -10*m**3 + 3*m**2 + 2*m. Let b = -51 - -50. Let p be q(b). Let i(j) = j**3 - 11*j**2 - 2*j + 16. Calculate i(p).
-6
Let k(n) = -n**2 + 10*n - 6. Let g be k(8). Let b(y) = -5 - 23*y - 16*y + 56*y - 18*y + 3. Determine b(g).
-12
Let u(k) = -74*k - 27. Let q(g) = 213*g + 77. Let n(t) = -8*q(t) - 23*u(t). Let v(c) = c + 4. Let p be v(-4). Calculate n(p).
5
Let g(d) be the second derivative of -71*d - 1/2*d**2 - d**3 + 2. Let k be -3*(-1)/3 + 1. What is g(k)?
-13
Let s(p) = 3*p + 45. Let h be s(-13). Let g(l) = -4*l - 5*l + 14*l + 9 - h*l. What is g(-7)?
16
Let g(w) = -w**2. Let m(q) be the second derivative of -1/2*q**2 + 31*q + 1/12*q**4 + 0 + 5/6*q**3. Let z(k) = 2*g(k) + m(k). Determine z(5).
-1
Let y(k) = 73*k - 2. Let r(z) = -16*z. Let m(j) = -4*r(j) - y(j). Give m(7).
-61
Let o(v) = 2*v**2 + 13*v + 30. Suppose 32*x + 49 = 208*x + 929. Determine o(x).
15
Let c(h) = 7*h**2 - 5*h + 6. Let f(t) = -17*t**2 + 10*t - 11. Let n(k) = -7*c(k) - 3*f(k). Give n(-6).
33
Let q(b) = -b + 3. Let w(y) = -54 + 91 - 52 - 4*y. Let m be (-9)/15 - (-88)/(-20). Let r be w(m). Determine q(r).
-2
Let r = 172 + -172. Suppose 3*a - 3 = 9. Suppose 5*x + r*b + b = -20, -3*x = -b + a. Let o(f) = 2*f**2 + 2. What is o(x)?
20
Let q(n) = -3252 - 3247 - 3236 + 12*n + 9715. Give q(4).
28
Let k(n) = -2*n**2 + 20*n + 10. Let b be k(10). Suppose 7*y = -b*y - 51. Let h(p) = -p**2 - 5*p - 4. Calculate h(y).
2
Let v(k) = -16*k - 25. Let y(w) = 3*w + 3. Let u(l) = v(l) + 5*y(l). Calculate u(15).
-25
Let b(j) = 3*j**3 - 3*j - 3. Let c be b(2). Let i(a) = c - a - 8 - 8*a + a**2. What is i(7)?
-7
Let v(l) be the third derivative of -5*l**4/24 - 167*l**3/6 + 74*l**2. What is v(-33)?
-2
Let f(r) be the third derivative of r**3/6 - 15*r**2. Let c = -10 - -14. Let p(i) = -i - 6. Let m(s) = c*f(s) + p(s). What is m(-3)?
1
Let v(z) = -4*z + 3. Let q = 39 - 34. Suppose -3*t - q*n - 25 = 0, 5*t + 20 = -3*n - n. Suppose t*l - 2*l = a, 0 = -2*l - 4. Determine v(a).
-13
Let p(h) = 3*h + 2. Let w(t) = -21*t - 10. Let x(q) = -6*p(q) - w(q). Calculate x(-4).
-14
Suppose -5*w = 170*r - 169*r + 7, -4*r + 17 = 5*w. Let j(x) = 4*x. Determine j(r).
32
Let y be 40/(-112)*-7*(8 + -2). Let o(m) = -m**2 - 14 - 11*m - 9 + 13 - y + 10*m. Suppose 5 = 4*s + 7*d - 2*d, 3*d = 3. Calculate o(s).
-25
Let k(m) = m**3 + 28*m**2 - 32*m - 98. Suppose 0 = 8*w - 10 + 393 - 151. Give k(w).
-11
Let r(m) be the third derivative of -m**6/120 - m**5/10 + m**4/24 - 2*m**2. Suppose -104*p = -88*p - 1648. Suppose 25 - p = 13*j. Calculate r(j).
-6
Let w be (-6 + -6 + -2)*2/14. Let k(c) be the first derivative of -2*c - c**3 - 1/2*c**2 - c**4 - 1. Give k(w).
20
Let q be -3 + -5 - (-38)/608*176. Let y(c) = c**2 + 2*c - 10. Let w(u) = 2*u**2 + 3*u - 19. Let s(r) = -6*w(r) + 11*y(r). What is s(q)?
7
Suppose -6*a + a = 4*c - 30, -2*c + 10 = 0. Let m(t) be the second derivative of -8*t + 0 - 1/3*t**3 - 5/12*t**4 - 1/20*t**5 + a*t**2. What is m(-3)?
-8
Let h(s) = 1346*s + 150 + 1343*s - 4042*s + 1347*s. What is h(25)?
0
Let w(p) = -p**3 - p**2 + 2*p. Let i be w(-2). Let z be -1*0/(i + 1). Let l(m) = 6*m + 128 + 133 + 129 - 398 - 7*m. Calculate l(z).
-8
Let o = 30793 + -30797. Let z(n) = 131*n + 531. Give z(o).
7
Let c = -103692 + 103692. Let p(k) = 1 + k**2 + 6 + k**3 - 3 + k. Determine p(c).
4
Let a(i) = -16*i + 124. Let w(n) = -n + 8. Let q(t) = -a(t) + 3*w(t). Give q(8).
4
Suppose 40 = 5*v + 15. Suppose -5*o - 10 = -0*p + v*p, 3*p - 6 = o. Let l(d) = 11 - d**3 - 5 - 7 - 3*d**2 + d. Calculate l(o).
-4
Let f(m) = 1 - 7*m**2 + 21*m**2 - 9*m**2 - 3*m**2. Let s = 38 - 42. Determine f(s).
33
Let b(s) = 12*s + s**3 + 135*s**2 - 132*s**2 + 9 - 13*s. Give b(-4).
-3
Let v(t) = -3*t**3 - 66*t**2 + 21*t - 9. Let j(k) = -2*k**3 - 42*k**2 + 10*k - 5. Let y(d) = -5*j(d) + 3*v(d). Give y(-11).
-24
Let p(z) = -z**3 + z**2 - z - 6. Let s(n) = 3*n**3 + 2*n**2 - 3*n + 12. Let v(o) = -2*p(o) - s(o). Suppose 2*k - 24 = 3*i + 1, 5*k = 5*i + 50. Calculate v(i).
0
Let r(z) be the first derivative of -z**2 - 2*z + 582. What is r(25)?
-52
Let g(c) = 5*c**3 + 11*c**2 - 5*c + 1. Let p(m) = -9*m**3 - 20*m**2 + 9*m - 2. Let q be 5*(-17)/((-85)/(-6)). Let n(y) = q*p(y) - 11*g(y). Determine n(-3).
16
Let w(i) = i - 50. Suppose -66 = 35*c - 66. Determine w(c).
-50
Let m(g) = 2*g**3 + 16*g**2 + 14*g + 1. Suppose -2 = 2*y + 2*o + 22, -11*y + o = 72. What is m(y)?
1
Let o(l) = l**3 - 8*l**2 + 13*l - 12. Let i(b) = b**2 - 843*b + 5030. Let a be i(6). Calculate o(a).
92
Let q(t) = -t**3 + 5*t**2 - 2*t - 4. Let r = -143 + 148. Suppose -3*a - 14 = 3*f - 32, -r*a - 3*f = -24. Calculate q(a).
8
Let y = -6 - 2. Let p(g) be the first derivative of -g**4/4 - 3*g**3 - 3*g**2 + 6*g + 18109. What is p(y)?
-10
Let o(b) be the second derivative of 2*b**3/3 + 3*b**2/2 - 13*b + 1. Let u be (-272)/28 + 2/(-7). Let t be (8/u)/(2/5). Give o(t).
-5
Let o(v) = -v**3 + 3*v**2 + 2. Suppose -16 = 3*c - 4*n, 3*n - 2*n - 4 = -4*c. Suppose c = -3*i - 154 + 163. What is o(i)?
2
Suppose 0*i = i - 6. Suppose 12 = 8*v - i*v. Let n(l) = -2*l**3 + 2*l + 3 - 8*l + 3*l**3 - 5*l**2 + 0*l**2. Determine n(v).
3
Let z(m) = m**2 + m + 7. Suppose c + 3*s = 11, -3*s = -421 + 406. What is z(c)?
19
Let u(v) be the first derivative of v**3/3 + 7*v**2/2 - 19*v + 1238. Calculate u(3).
11
Let d be -4 - (-3 + 300/44 - (-12)/66). Let k(s) = s**3 + 8*s**2 - 3*s + 10. What is k(d)?
34
Let h(b) = 437*b**2 + b - 4 + 449*b**2 - 2*b**3 - 1341*b**2 + b**3 + 451*b**2. Calculate h(0).
-4
Let p = 212 + 453. Let j = p + -659. Let u(x) = 3*x + 8. Give u(j).
26
Let u(k) = -5*k - 111. Let x = 1939 - 1962. What is u(x)?
4
Let l(n) be the first derivative of -n**4/4 + 10*n**3/3 - 13*n**2/2 - 2*n + 4795. Give l(8).
22
Let u(g) = -7 - 1 + g - 9. Let b = 15501 + -15487. Calculate u(b).
-3
Let j(y) = y**3 - 6*y**2 + y - 1. Let r(t) = -t**2 + 3*t + 9. Let g be -3*((-108)/81)/(2/2). Let q be r(g). Determine j(q).
-21
Let f(z) = z + 124. Let g(p) = -13*p - 1522. Let u(h) = 25*f(h) + 2*g(h). Give u(-19).
75
Let t(c) = -c**3 + 6*c**2 + 7*c - 2. Let k be 15/6*6/(-1). Let u(b) = 5*b**2 - 163*b - 44. Let d be u(33). Let z = d + k. Give t(z).
-2
Let z(a) = 5 + 9*a**2 - 2*a + 14 - 11*a - 4*a - 12. Determine z(3).
37
Let z(r) = -1 - 9*r - 1 + 0 + 16*r - 2*r. Determine z(-8).
-42
Let w be (-3)/(42/(-4)) - 2977/(-91). Suppose 5*h = -4*t + w, -2*h + 5*h - 30 = t. Let r = -7 + h. Let f(p) = p**3 - 2*p**2 + 2*p + 1. What is f(r)?
5
Let j(r) = 27*r + 31619 + 31374 - 62287. What is j(-26)?
4
Let g(n) be the second derivative of -n**5/20 - n**4/3 - 2*n**3/3 + n**2/2 - 138*n. S